{"id":3624,"date":"2013-06-01T20:06:35","date_gmt":"2013-06-01T20:06:35","guid":{"rendered":"http:\/\/www.cejv.com.br\/site\/?page_id=3624"},"modified":"2015-05-28T16:47:05","modified_gmt":"2015-05-28T16:47:05","slug":"exu","status":"publish","type":"page","link":"https:\/\/www.cejv.com.br\/site\/index.php\/outros-orixas\/exu\/","title":{"rendered":"Exu"},"content":{"rendered":"<p style=\"text-align: justify;\">Exu \u00e9 a for\u00e7a da cria\u00e7\u00e3o, \u00e9 o nascimento, o equil\u00edbrio negativo do Universo. A palavra Exu significa \u201cesfera\u201d,\u00a0simbolizando aquilo que \u00e9 infinito, que n\u00e3o tem come\u00e7o nem fim. Exu \u00e9 a primeira c\u00e9lula da gera\u00e7\u00e3o da vida, \u00e9\u00a0aquele que gera o infinito infinitas vezes. Deus da terra e do fogo, \u00e9 a for\u00e7a que fomenta o crescimento, senhor\u00a0do princ\u00edpio e da transforma\u00e7\u00e3o. Gerador do que existe, do que existiu e do que ainda vai existir. \u00c9 Exu que nos\u00a0d\u00e1 capacidade de agir, andar, refletir, idealizar. Sem ele a vida sadia seria imposs\u00edvel, o homem seria excepcional,\u00a0retardado, incapaz de coordenar e determinar suas pr\u00f3prias atitudes e caminhos de sua vida.<\/p>\n<p style=\"text-align: justify;\">Exu \u00e9 o mais humano dos orix\u00e1s, a figura mais controversa do pante\u00e3o africano. Muitas confus\u00f5es e equ\u00edvocos s\u00e3o a\u00a0ele relacionados, o pior deles \u00e9 aquele que o associa erroneamente \u00e0 figura do diabo crist\u00e3o descrevendo-o como um\u00a0deus excessivamente libidinoso, voltado para a maldade, para a perversidade e que se ocupa em semear a disc\u00f3rdia\u00a0entre os seres humanos. Na verdade, Exu contem em si todas as contradi\u00e7\u00f5es e conflitos inerentes ao ser humano.<\/p>\n<p style=\"text-align: justify;\">Assim como o homem, ele n\u00e3o \u00e9 totalmente bom nem totalmente mau. Exu \u00e9 o ego de cada ser, o grande companheiro\u00a0do homem no seu dia a dia. A cultura africana desconhece a oposi\u00e7\u00e3o entre bem e mal. Ela entretanto reconhece que\u00a0o bem de um pode ser o mal de outro, portanto cada um deve dar o melhor de si para obter tudo de bom em sua vida.<\/p>\n<p style=\"text-align: justify;\">Cultuando, agradando e agradecendo a Exu, para que ele seja no seu cotidiano a manifesta\u00e7\u00e3o do amor, da sorte, da\u00a0riqueza e da prosperidade.<br \/>\nExu est\u00e1 presente no calor, na quentura, nos lugares pouco arejados, nos lugares onde existem multid\u00f5es, nos\u00a0ambientes fechados e cheios. Exu est\u00e1 na altera\u00e7\u00e3o do \u00e2nimo, na discuss\u00e3o, na diverg\u00eancia, no nervosismo.<br \/>\nEst\u00e1 no medo, na falta de controle do ser humano. Tamb\u00e9m est\u00e1 presente no riso farto, na gargalhada, na alegria\u00a0incontida. Diz-se que Exu \u00e9 a contradi\u00e7\u00e3o, pois Exu \u00e9 aquele que ludibria, engana, que confunde mas que tamb\u00e9m\u00a0ajuda, d\u00e1 caminhos, soluciona. \u00c9 a confus\u00e3o dos conceitos b\u00e1sicos, \u00e9 a aquele que traz ao mesmo tempo a dor e a\u00a0felicidade. Exu \u00e9 a velocidade, a rapidez do deslocamento. \u00c9 a bagun\u00e7a generalizada e o sil\u00eancio completo. Exu \u00e9 o\u00a0namoro, \u00e9 o desejo, \u00e9 o sentimento de paix\u00e3o desenfreada e \u00e9 tamb\u00e9m o desprezo. Para se ter uma no\u00e7\u00e3o do comportamento<br \/>\ne da reg\u00eancia paradoxal de Exu, vejamos alguns de seus orikis (versos sagrados), que tamb\u00e9m revelam que n\u00e3o h\u00e1\u00a0impossibilidade em seu caminho nem no caminho dos que contam com sua amizade.<\/p>\n<p style=\"text-align: justify;\">\nImposs\u00edvel \u00e9 palavra que n\u00e3o existe para Exu. Para ele nada, nunca, est\u00e1 perdido. Ele \u00e9 o senhor de todas as\u00a0possibilidades, mesmo os casos que parecem perdidos quando entregues aos seus cuidados, encontram solu\u00e7\u00e3o r\u00e1pida\u00a0e satisfat\u00f3ria. Exu \u00e9 aquele que busca o que est\u00e1 perdido e que entende as frustra\u00e7\u00f5es e a ambi\u00e7\u00e3o dos humanos.<\/p>\n<p style=\"text-align: justify;\">Exu \u00e9 o dono do mercado, das feiras livres e das encruzilhadas, seus lugares preferidos. Na verdade exu gosta de\u00a0movimento, de lugares com muita gente, onde confus\u00f5es n\u00e3o demoram a aparecer. Onde tiver um bafaf\u00e1, tem Exu.\u00a0Assim, pode-se ter uma id\u00e9ia de quem Exu \u00e9, e como ele rege as coisas. Exu est\u00e1 presente em tudo. Est\u00e1 na aceita\u00e7\u00e3o\u00a0ou recusa de qualquer coisa, Est\u00e1 nas conversas de esquina, nos bares, restaurantes e pra\u00e7as. Exu est\u00e1 presente no\u00a0consumo de subst\u00e2ncias t\u00f3xicas, no \u00e1lcool, na droga, no fumo. O membro ereto do macho tem a presen\u00e7a de Exu, a<br \/>\npenetra\u00e7\u00e3o na f\u00eamea, tem a reg\u00eancia de Exu; a ejacula\u00e7\u00e3o \u00e9 coordenada por Exu; o percurso do espermatoz\u00f3ide dentro\u00a0da f\u00eamea \u00e9 regido por Exu. Est\u00e1 presente na fecunda\u00e7\u00e3o do \u00f3vulo e na forma\u00e7\u00e3o da primeira c\u00e9lula da vida.<\/p>\n<p style=\"text-align: justify;\">\nNa multiplica\u00e7\u00e3o da c\u00e9lula a reg\u00eancia passa para Oxum, que vai reger o feto at\u00e9 o nascimento.<br \/>\nA gula \u00e9 um atributo de Exu. Ele \u00e9 o orix\u00e1 que mant\u00e9m a rela\u00e7\u00e3o mais estreita com a comida e, conseq\u00fcentemente,\u00a0com a cozinha que \u00e9 tamb\u00e9m um dos seus locais preferidos. Exu, que est\u00e1 presente nas refei\u00e7\u00f5es pois ele \u00e9 quem\u00a0rege o ato de mastigar e engolir, \u00e9 saudado como El\u00e9gb\u00e1ra, senhor da transforma\u00e7\u00e3o pois o fogo, elemento que Exu\u00a0domina, \u00e9 respons\u00e1vel pela transforma\u00e7\u00e3o dos alimentos. Cozinhar os alimentos \u00e9 pr\u00e1tica que se insere no universo\u00a0das regras, dos costumes, das tradi\u00e7\u00f5es. \u00c9 uma atividade tipicamente humana. Uma vez que tudo o que diz respeito\u00a0ao homem est\u00e1 diretamente relacionado a Exu, cozinhar os alimentos \u00e9 mais uma prova da interfer\u00eancia do senhor de\u00a0todos os acasos na evolu\u00e7\u00e3o humana.<br \/>\nEm qualquer ocasi\u00e3o, Exu \u00e9 o primeiro a ser servido. Exu \u00e9 o senhor dos alimentos e o portador das oferendas.<\/p>\n<p style=\"text-align: justify;\">\nFoi pela vontade do pr\u00f3prio Olodumare que se tornou o poderoso condutor dos orix\u00e1s, intermedi\u00e1rio entre os\u00a0deuses e os homens\u00a0Exu \u00e9 o orix\u00e1 que entende como ningu\u00e9m o princ\u00edpio da reciprocidade pois quando agradado corretamente, sabe\u00a0retribuir tornando-se amigo e fiel escudeiro. No entanto quando esquecido \u00e9 o pior dos inimigos e volta-se contra\u00a0o negligente, tirando-lhe a sorte, fechando-lhe os caminhos e trazendo dissabores.<\/p>\n<p style=\"text-align: justify;\">Sem Exu o mundo n\u00e3o faria sentido, pois s\u00f3 atrav\u00e9s de Exu se chega aos outros orix\u00e1s e ao Deus supremo Olodumare.<br \/>\nExu fala todas as l\u00ednguas e permite a comunica\u00e7\u00e3o entre o orum (c\u00e9u) e o ai\u00ea (terra), entre os orix\u00e1s e os homens.<br \/>\nExu foi a primeira forma dotada de exist\u00eancia individual. N\u00e3o se sabe ao certo sua regi\u00e3o de origem na \u00c1frica,\u00a0pois em todos os reinos se presta culto a Exu. Sabe-se, no entanto que chegou a ser rei de Ketu. Segundo as lendas\u00a0renasceu v\u00e1rias vezes e suas hist\u00f3rias revelam ser filho de Orunmil\u00e1 ou de Oxum, dependendo do momento em que\u00a0renasce.<br \/>\nOs s\u00edmbolos de Exu remetem ao seu car\u00e1ter de amante da liberdade, do prazer, do poder, da riqueza, da magia e da for\u00e7a.<\/p>\n<p style=\"text-align: justify;\">O ogo, por exemplo, \u00e9 um bast\u00e3o de forma f\u00e1lica que pode transport\u00e1-lo a qualquer lugar, a qualquer momento. O tridente,\u00a0s\u00edmbolo que adquiriu no Brasil por heran\u00e7a do sincretismo, revela a proximidade de Exu com os homens, de n\u00e3o ser nem\u00a0totalmente bom nem totalmente mau. No entanto, o s\u00edmbolo que melhor sintetiza o car\u00e1ter de Exu \u00e9 o p\u00eanis. \u00c9 comum,\u00a0na \u00c1frica, que ele seja representado por um falo ereto de tamanho descomunal ou \u00e0s vezes por uma vagina. Os \u00f3rg\u00e3os\u00a0genitais remetem ao poder que Exu exerce sobre a atividade sexual, n\u00e3o apenas para a procria\u00e7\u00e3o, mas tamb\u00e9m pelo\u00a0prazer. O tamanho descomunal \u00e9 para chocar a dec\u00eancia, a moral, pois Exu \u00e9 desprovido de vergonha, gosta de ser\u00a0ousado e atrevido e sobretudo tem avers\u00e3o \u00e0 hipocrisia.<\/p>\n<p style=\"text-align: justify;\">\nExu est\u00e1 a todo tempo em todos os lugares, \u00e9 uma energia universal que est\u00e1 em todos os seres, em todos os momentos,\u00a0em todas as coisas, \u00e9 uma for\u00e7a extremamente intensa e ativa. \u00c9 a for\u00e7a vital chamada ax\u00e9, que trabalha\u00a0incansavelmente para manter a coes\u00e3o do universo. \u00c9 por isto que \u00e9 inaceit\u00e1vel dizer que Exu \u00e9 uma for\u00e7a maligna.<\/p>\n<p style=\"text-align: justify;\">Exu \u00e9 o dono de todas as coisas quentes e vivas a come\u00e7ar pelo fogo, passando pelo sangue, pelo azeite de dend\u00ea,\u00a0pela pimenta, at\u00e9 as bebidas alco\u00f3licas.<br \/>\nUm ritual comum nos terreiros, e erroneamente interpretado, \u00e9 chamado de \u201cdespachar Exu\u201d. Aqui despachar n\u00e3o tem o\u00a0sentido de afastar, mas sim atender, agradar a Exu para que zele pela ordem e pela seguran\u00e7a do ritual, para que\u00a0tudo transcorra bem. Exu \u00e9 o \u00fanico a ser o primeiro. Relacionar-se bem com ele \u00e9 saber trabalhar dentro de n\u00f3s a\u00a0sua for\u00e7a. Feliz daquele que se relaciona bem com Exu, que \u00e9 capaz de fazer uma pessoa enriquecer.<\/p>\n<p><em>Exu, princ\u00edpio de todas as coisas<\/em><br \/>\n<em>Senhor do poder da transforma\u00e7\u00e3o<\/em><br \/>\n<em>Orix\u00e1 dos caminhos cruzados<\/em><br \/>\n<em>Dos encontros, dos desencontros<\/em><br \/>\n<em>Deus do prazer, da festa, da alegria<\/em><br \/>\n<em>Do sexo, do amor<\/em><br \/>\n<em>Exu, tu que da vida \u00e9s a vida<\/em><br \/>\n<em>Venha at\u00e9 n\u00f3s e nos ensine a viver<\/em><br \/>\n<em>Viver bem \u00e9 cultuar Exu<\/em><br \/>\n<em>Cultuar Exu \u00e9 exaltar o homem<\/em><br \/>\n<em>Exaltar a terra, o fogo<\/em><br \/>\n<em>\u00c9 cultuar o princ\u00edpio da cria\u00e7\u00e3o<\/em><br \/>\n<em>A for\u00e7a da vida \u00e9 o ax\u00e9 de Exu<\/em><\/p>\n<p>&nbsp;<\/p>\n<p><em>Exu faz o erro virar acerto e o acerto virar erro<\/em><\/p>\n<p><em>Quando sentado, sua cabe\u00e7a bate no teto<\/em><br \/>\n<em>De p\u00e9, n\u00e3o atinge sequer a altura do fogareiro.<\/em><\/p>\n<p><em>Exu transporta num peneira,<\/em><br \/>\n<em>O azeite de dend\u00ea que comprou no mercado<\/em><br \/>\n<em>E o azeite n\u00e3o escorre dessa estranha vasilha<\/em><\/p>\n<p><em>Matou um p\u00e1ssaro ontem<\/em><br \/>\n<em>Com a pedra que atirou hoje<\/em><\/p>\n<p><em>Quando zangado<\/em><br \/>\n<em>Pisa na pedra e ela sangra.<\/em><\/p>\n<p>&nbsp;<\/p>\n<p><em>Agb\u00f3 \u00e9 forte, firme, maci\u00e7o<\/em><br \/>\n<em>D\u00e1 na aiab\u00e1 com uma clava<\/em><br \/>\n<em>Surra de chicote a mulher do rei<\/em><br \/>\n<em>Deixa o chor\u00e3o chorar<\/em><br \/>\n<em>V\u00ea gente brigando e n\u00e3o aparta<\/em><\/p>\n<p>&nbsp;<\/p>\n<p><em>Exu<\/em><br \/>\n<em>\u00c9 aquele, quando voc\u00eas se levantam, ao qual \u00e9 preciso fazer apelo<\/em><br \/>\n<em>Para que lhes providencie o alimento.<\/em><br \/>\n<em>Exu<\/em><br \/>\n<em>\u00c9 aquele, quando voc\u00eas se levantam, ao qual \u00e9 preciso fazer apelo<\/em><br \/>\n<em>Para que lhes providencie a bebida<\/em><br \/>\n<em>Exu<\/em><br \/>\n<em>\u00c9 aquele que guiou todos os orix\u00e1s de retorno \u00e0 Terra<\/em><br \/>\n<em>Eis como Exu ganhou a soberania daquele tempo, at\u00e9 agora<\/em><br \/>\n<em>N\u00e3o existe ningu\u00e9m que coma ou esteja instalado com realeza<\/em><br \/>\n<em>Sem que haja recorrido a Exu primeiro.<\/em><br \/>\n<em>Ent\u00e3o as pessoas disseram: Demos a Exu o que lhe \u00e9 de direito<\/em><br \/>\n<em>Para n\u00e3o causar seu descontentamento<\/em><br \/>\n<em>De maneira que o que desejamos fazer, chegue a bom termo<\/em><br \/>\n<em>Ent\u00e3o Exu tornou-se naquele que vai \u00e0 frente de todas as pessoas da Terra<\/em><\/p>\n<p>&nbsp;<\/p>\n<p><em>Azeite de dend\u00ea torna calmo o Dono do Mercado<\/em><br \/>\n<em>Ah! O dend\u00ea acalma o Dono do Mercado. Ah! O dend\u00ea.<\/em><\/p>\n<p>&nbsp;<\/p>\n<p><em>Exu, erro que acertou minha vida<\/em><br \/>\n<em>Vida incerta era a certeza que tinha<\/em><br \/>\n<em>Que caminho? Quantos caminhos!<\/em><br \/>\n<em>Mas por onde seguia a encruzilhada do meu destino?<\/em><br \/>\n<em>Acordei e saudei Exu,<\/em><br \/>\n<em>Ent\u00e3o, conheci o melhor da vida<\/em><br \/>\n<em>Exu, colocou-se a meu lado<\/em><br \/>\n<em>E passei a ganhar<\/em><br \/>\n<em>Mesmo quando achava que estava perdendo.<\/em><\/p>\n<p><em>Laroi\u00e9!!!<\/em><\/p>\n\n<!-- Page-list plugin v.5.2 wordpress.org\/plugins\/page-list\/ -->\n<div class=\"page-list page-list-ext \">\n<div class=\"page-list-ext-item\"><div class=\"page-list-ext-image\"><a href=\"https:\/\/www.cejv.com.br\/site\/index.php\/os-orixas\/ewa\/\" title=\"Ew\u00e1\"><img src=\"https:\/\/www.cejv.com.br\/site\/wp-content\/uploads\/2013\/05\/350_quadro-Ewa1-150x150.jpg\" width=\"80\" alt=\"Ew\u00e1\" \/><\/a><\/div> <h3 class=\"page-list-ext-title\"><a href=\"https:\/\/www.cejv.com.br\/site\/index.php\/os-orixas\/ewa\/\" title=\"Ew\u00e1\">Ew\u00e1<\/a><\/h3><\/div>\n<div class=\"page-list-ext-item\"><div class=\"page-list-ext-image\"><a href=\"https:\/\/www.cejv.com.br\/site\/index.php\/os-orixas\/iansan\/\" title=\"Iansan\"><img src=\"https:\/\/www.cejv.com.br\/site\/wp-content\/uploads\/2013\/05\/350_quadro-iansa-150x150.jpg\" width=\"80\" alt=\"Iansan\" \/><\/a><\/div> <h3 class=\"page-list-ext-title\"><a href=\"https:\/\/www.cejv.com.br\/site\/index.php\/os-orixas\/iansan\/\" title=\"Iansan\">Iansan<\/a><\/h3><\/div>\n<div class=\"page-list-ext-item\"><div class=\"page-list-ext-image\"><a href=\"https:\/\/www.cejv.com.br\/site\/index.php\/os-orixas\/iemanja\/\" title=\"Iemanj\u00e1\"><img src=\"https:\/\/www.cejv.com.br\/site\/wp-content\/uploads\/2013\/05\/350_quadro-iemanja-150x150.jpg\" width=\"80\" alt=\"Iemanj\u00e1\" \/><\/a><\/div> <h3 class=\"page-list-ext-title\"><a href=\"https:\/\/www.cejv.com.br\/site\/index.php\/os-orixas\/iemanja\/\" title=\"Iemanj\u00e1\">Iemanj\u00e1<\/a><\/h3><\/div>\n<div class=\"page-list-ext-item\"><div class=\"page-list-ext-image\"><a href=\"https:\/\/www.cejv.com.br\/site\/index.php\/os-orixas\/nana\/\" title=\"Nan\u00e3\"><img src=\"https:\/\/www.cejv.com.br\/site\/wp-content\/uploads\/2013\/05\/350_quadro-nana-150x150.jpg\" width=\"80\" alt=\"Nan\u00e3\" \/><\/a><\/div> <h3 class=\"page-list-ext-title\"><a href=\"https:\/\/www.cejv.com.br\/site\/index.php\/os-orixas\/nana\/\" title=\"Nan\u00e3\">Nan\u00e3<\/a><\/h3><\/div>\n<div class=\"page-list-ext-item\"><div class=\"page-list-ext-image\"><a href=\"https:\/\/www.cejv.com.br\/site\/index.php\/os-orixas\/ogum\/\" title=\"Ogum\"><img src=\"https:\/\/www.cejv.com.br\/site\/wp-content\/uploads\/2013\/05\/350_quadro-ogum-150x150.jpg\" width=\"80\" alt=\"Ogum\" \/><\/a><\/div> <h3 class=\"page-list-ext-title\"><a href=\"https:\/\/www.cejv.com.br\/site\/index.php\/os-orixas\/ogum\/\" title=\"Ogum\">Ogum<\/a><\/h3><\/div>\n<div class=\"page-list-ext-item\"><div class=\"page-list-ext-image\"><a href=\"https:\/\/www.cejv.com.br\/site\/index.php\/os-orixas\/omulu\/\" title=\"Omulu\"><img src=\"https:\/\/www.cejv.com.br\/site\/wp-content\/uploads\/2013\/05\/350_quadro-omulu-150x150.jpg\" width=\"80\" alt=\"Omulu\" \/><\/a><\/div> <h3 class=\"page-list-ext-title\"><a href=\"https:\/\/www.cejv.com.br\/site\/index.php\/os-orixas\/omulu\/\" title=\"Omulu\">Omulu<\/a><\/h3><\/div>\n<div class=\"page-list-ext-item\"><div class=\"page-list-ext-image\"><a href=\"https:\/\/www.cejv.com.br\/site\/index.php\/os-orixas\/ossae\/\" title=\"Oss\u00e3e\"><img src=\"https:\/\/www.cejv.com.br\/site\/wp-content\/uploads\/2013\/05\/350_quadro-ossae-150x150.jpg\" width=\"80\" alt=\"Oss\u00e3e\" \/><\/a><\/div> <h3 class=\"page-list-ext-title\"><a href=\"https:\/\/www.cejv.com.br\/site\/index.php\/os-orixas\/ossae\/\" title=\"Oss\u00e3e\">Oss\u00e3e<\/a><\/h3><\/div>\n<div class=\"page-list-ext-item\"><div class=\"page-list-ext-image\"><a href=\"https:\/\/www.cejv.com.br\/site\/index.php\/os-orixas\/oxala\/\" title=\"Oxal\u00e1\"><img src=\"https:\/\/www.cejv.com.br\/site\/wp-content\/uploads\/2013\/06\/350_quadro-oxala-150x150.jpg\" width=\"80\" alt=\"Oxal\u00e1\" \/><\/a><\/div> <h3 class=\"page-list-ext-title\"><a href=\"https:\/\/www.cejv.com.br\/site\/index.php\/os-orixas\/oxala\/\" title=\"Oxal\u00e1\">Oxal\u00e1<\/a><\/h3><\/div>\n<div class=\"page-list-ext-item\"><div class=\"page-list-ext-image\"><a href=\"https:\/\/www.cejv.com.br\/site\/index.php\/os-orixas\/oxossi\/\" title=\"Oxossi\"><img src=\"https:\/\/www.cejv.com.br\/site\/wp-content\/uploads\/2013\/06\/quadro-oxossi-150x150.jpg\" width=\"80\" alt=\"Oxossi\" \/><\/a><\/div> <h3 class=\"page-list-ext-title\"><a href=\"https:\/\/www.cejv.com.br\/site\/index.php\/os-orixas\/oxossi\/\" title=\"Oxossi\">Oxossi<\/a><\/h3><\/div>\n<div class=\"page-list-ext-item\"><div class=\"page-list-ext-image\"><a href=\"https:\/\/www.cejv.com.br\/site\/index.php\/os-orixas\/oxum\/\" title=\"Oxum\"><img src=\"https:\/\/www.cejv.com.br\/site\/wp-content\/uploads\/2013\/06\/quadro-oxum-150x150.jpg\" width=\"80\" alt=\"Oxum\" \/><\/a><\/div> <h3 class=\"page-list-ext-title\"><a href=\"https:\/\/www.cejv.com.br\/site\/index.php\/os-orixas\/oxum\/\" title=\"Oxum\">Oxum<\/a><\/h3><\/div>\n<div class=\"page-list-ext-item\"><div class=\"page-list-ext-image\"><a href=\"https:\/\/www.cejv.com.br\/site\/index.php\/os-orixas\/oxumare\/\" title=\"Oxumar\u00ea\"><img src=\"https:\/\/www.cejv.com.br\/site\/wp-content\/uploads\/2013\/06\/quadro-oxumare-150x150.jpg\" width=\"80\" alt=\"Oxumar\u00ea\" \/><\/a><\/div> <h3 class=\"page-list-ext-title\"><a href=\"https:\/\/www.cejv.com.br\/site\/index.php\/os-orixas\/oxumare\/\" title=\"Oxumar\u00ea\">Oxumar\u00ea<\/a><\/h3><\/div>\n<div class=\"page-list-ext-item\"><div class=\"page-list-ext-image\"><a href=\"https:\/\/www.cejv.com.br\/site\/index.php\/os-orixas\/tempo\/\" title=\"Tempo\"><img src=\"https:\/\/www.cejv.com.br\/site\/wp-content\/uploads\/2013\/06\/350_quadro-Tempo-150x150.jpg\" width=\"80\" alt=\"Tempo\" \/><\/a><\/div> <h3 class=\"page-list-ext-title\"><a href=\"https:\/\/www.cejv.com.br\/site\/index.php\/os-orixas\/tempo\/\" title=\"Tempo\">Tempo<\/a><\/h3><\/div>\n<div class=\"page-list-ext-item\"><div class=\"page-list-ext-image\"><a href=\"https:\/\/www.cejv.com.br\/site\/index.php\/os-orixas\/xango\/\" title=\"Xang\u00f4\"><img src=\"https:\/\/www.cejv.com.br\/site\/wp-content\/uploads\/2013\/06\/350_quadro-xango-150x150.jpg\" width=\"80\" alt=\"Xang\u00f4\" \/><\/a><\/div> <h3 class=\"page-list-ext-title\"><a href=\"https:\/\/www.cejv.com.br\/site\/index.php\/os-orixas\/xango\/\" title=\"Xang\u00f4\">Xang\u00f4<\/a><\/h3><\/div>\n\n<\/div>\n<p><strong>Outros Orix\u00e1s<\/strong><\/p>\n\n<!-- Page-list plugin v.5.2 wordpress.org\/plugins\/page-list\/ -->\n<div class=\"page-list page-list-ext \">\n<div class=\"page-list-ext-item\"><div class=\"page-list-ext-image\"><a href=\"https:\/\/www.cejv.com.br\/site\/index.php\/outros-orixas\/oba\/\" title=\"Ob\u00e1\"><img src=\"https:\/\/www.cejv.com.br\/site\/wp-content\/uploads\/2013\/05\/site_oba_3a1-150x150.jpeg\" width=\"80\" alt=\"Ob\u00e1\" \/><\/a><\/div> <h3 class=\"page-list-ext-title\"><a href=\"https:\/\/www.cejv.com.br\/site\/index.php\/outros-orixas\/oba\/\" title=\"Ob\u00e1\">Ob\u00e1<\/a><\/h3><\/div>\n<div class=\"page-list-ext-item\"><h3 class=\"page-list-ext-title\"><a href=\"https:\/\/www.cejv.com.br\/site\/index.php\/outros-orixas\/oduduwa\/\" title=\"Oduduwa\">Oduduwa<\/a><\/h3><\/div>\n<div class=\"page-list-ext-item\"><h3 class=\"page-list-ext-title\"><a href=\"https:\/\/www.cejv.com.br\/site\/index.php\/outros-orixas\/logun-ede\/\" title=\"Logun Ed\u00e9\">Logun Ed\u00e9<\/a><\/h3><\/div>\n<div class=\"page-list-ext-item\"><h3 class=\"page-list-ext-title\"><a href=\"https:\/\/www.cejv.com.br\/site\/index.php\/outros-orixas\/exu\/\" title=\"Exu\">Exu<\/a><\/h3><\/div>\n\n<\/div>\n","protected":false},"excerpt":{"rendered":"<p>Exu \u00e9 a for\u00e7a da cria\u00e7\u00e3o, \u00e9 o nascimento, o&#8230; <\/p>\n","protected":false},"author":1,"featured_media":0,"parent":3748,"menu_order":0,"comment_status":"open","ping_status":"closed","template":"","meta":[],"_links":{"self":[{"href":"https:\/\/www.cejv.com.br\/site\/index.php\/wp-json\/wp\/v2\/pages\/3624"}],"collection":[{"href":"https:\/\/www.cejv.com.br\/site\/index.php\/wp-json\/wp\/v2\/pages"}],"about":[{"href":"https:\/\/www.cejv.com.br\/site\/index.php\/wp-json\/wp\/v2\/types\/page"}],"author":[{"embeddable":true,"href":"https:\/\/www.cejv.com.br\/site\/index.php\/wp-json\/wp\/v2\/users\/1"}],"replies":[{"embeddable":true,"href":"https:\/\/www.cejv.com.br\/site\/index.php\/wp-json\/wp\/v2\/comments?post=3624"}],"version-history":[{"count":3,"href":"https:\/\/www.cejv.com.br\/site\/index.php\/wp-json\/wp\/v2\/pages\/3624\/revisions"}],"predecessor-version":[{"id":4365,"href":"https:\/\/www.cejv.com.br\/site\/index.php\/wp-json\/wp\/v2\/pages\/3624\/revisions\/4365"}],"up":[{"embeddable":true,"href":"https:\/\/www.cejv.com.br\/site\/index.php\/wp-json\/wp\/v2\/pages\/3748"}],"wp:attachment":[{"href":"https:\/\/www.cejv.com.br\/site\/index.php\/wp-json\/wp\/v2\/media?parent=3624"}],"curies":[{"name":"wp","href":"https:\/\/api.w.org\/{rel}","templated":true}]}}